{"id":477,"date":"2023-05-17T15:47:13","date_gmt":"2023-05-17T12:47:13","guid":{"rendered":"https:\/\/m-arc.org\/en\/?page_id=477"},"modified":"2024-04-16T13:13:06","modified_gmt":"2024-04-16T10:13:06","slug":"about-the-magazine","status":"publish","type":"page","link":"https:\/\/m-arc.org\/de\/die-zeitschrift-mensch-architektur-man-and-architecture\/","title":{"rendered":"\u00dcber die Zeitschrift M+A"},"content":{"rendered":"<div class=\"pdfprnt-buttons pdfprnt-buttons-page pdfprnt-top-right\"><a href=\"https:\/\/m-arc.org\/de\/wp-json\/wp\/v2\/pages\/477?print=pdf\" class=\"pdfprnt-button pdfprnt-button-pdf\" target=\"_blank\"><img decoding=\"async\" src=\"https:\/\/m-arc.org\/wp-content\/plugins\/pdf-print\/images\/pdf.png\" alt=\"image_pdf\" title=\"PDF anzeigen\" \/><\/a><a href=\"https:\/\/m-arc.org\/de\/wp-json\/wp\/v2\/pages\/477?print=print\" class=\"pdfprnt-button pdfprnt-button-print\" target=\"_blank\"><img decoding=\"async\" src=\"https:\/\/m-arc.org\/wp-content\/plugins\/pdf-print\/images\/print.png\" alt=\"image_print\" title=\"Inhalt drucken\" \/><\/a><\/div><p><strong>Die Zeitschrift \u201emensch + architektur\/ humanity and architecture\u201c<\/strong> richtet sich an Bauherren, Architekten, Investoren, Institutionen und am Bau Interessierte, die sich f\u00fcr eine ganzheitliche Lebensraumgestaltung interessieren. Im Vordergrund unserer Arbeit steht die Menschlichkeit in der Architektur und ihre Wirkung in der Gesellschaft.<\/p>\n<p>Unsere Leser finden sich vor allem in kreativen, sozialen und p\u00e4dagogischen Berufen. Sie interessieren sich f\u00fcr partizipative Prozesse, f\u00fcr alternative Wege in der Architektur, f\u00fcr \u00f6kologische und nachhaltige Produkte, f\u00fcr ein gesundes Raumklima und f\u00fcr den Dialog.<\/p>\n<p>Die organische Architektur sucht Antworten in dem tieferen Bewusstsein von Raumwirkung und Wechselbeziehung von Mensch, Natur und Umgebung auf den Ebenen von K\u00f6rper, Geist und Seele.&nbsp;<strong>mensch + architektur<\/strong><\/p>\n<p>Die Zeitschrift begann 1991 zun\u00e4chst auf wenigen Seiten als Newsletter, mit Nikolaus Ruff, Stuttgart und Paul Gerhard Reeh, Stuttgart in der Redaktion und entwickelte sich immer mehr zu einer eigenst\u00e4ndigen Zeitschrift. Ab 1995 wurde die Zeitschrift von Imme Denker, Berlin und Joachim Zimmer, Berlin weitergef\u00fchrt, unterst\u00fctzt von Paulgerd Jesberg. 2004 kamen Mathis Lohl und Matthias Mochner hinzu, zeitweilig auch Eckardt Wolf. 2019 \u00fcbernahm Uwe Kirst die Redaktion der Zeitschrift. 2023 wird die Zeitschrift nun digital weiter fortgesetzt, unter der redaktionellen Leitung von Thomas Rad\u00fcnz, Norman Schinke, Luigi Fiumara und Imme Denker.<\/p>\n<p>Die Zeitschrift entsteht in ehrenamtlicher Arbeit, deshalb freuen wir uns auf Spenden, F\u00f6rderungen und Unterst\u00fctzung.<\/p>\n","protected":false},"excerpt":{"rendered":"<p>Die Zeitschrift \u201emensch + architektur\/ humanity and architecture\u201c richtet sich an Bauherren, Architekten, Investoren, Institutionen und am Bau Interessierte, die sich f\u00fcr eine ganzheitliche Lebensraumgestaltung interessieren. Im Vordergrund unserer Arbeit steht die Menschlichkeit in der Architektur und ihre Wirkung in der Gesellschaft. Unsere Leser finden sich vor allem in kreativen, sozialen und p\u00e4dagogischen Berufen. Sie [&hellip;]<\/p>\n","protected":false},"author":5,"featured_media":0,"parent":0,"menu_order":0,"comment_status":"closed","ping_status":"closed","template":"front-page.php","meta":{"footnotes":""},"class_list":["post-477","page","type-page","status-publish","hentry"],"_links":{"self":[{"href":"https:\/\/m-arc.org\/de\/wp-json\/wp\/v2\/pages\/477","targetHints":{"allow":["GET"]}}],"collection":[{"href":"https:\/\/m-arc.org\/de\/wp-json\/wp\/v2\/pages"}],"about":[{"href":"https:\/\/m-arc.org\/de\/wp-json\/wp\/v2\/types\/page"}],"author":[{"embeddable":true,"href":"https:\/\/m-arc.org\/de\/wp-json\/wp\/v2\/users\/5"}],"replies":[{"embeddable":true,"href":"https:\/\/m-arc.org\/de\/wp-json\/wp\/v2\/comments?post=477"}],"version-history":[{"count":5,"href":"https:\/\/m-arc.org\/de\/wp-json\/wp\/v2\/pages\/477\/revisions"}],"predecessor-version":[{"id":644,"href":"https:\/\/m-arc.org\/de\/wp-json\/wp\/v2\/pages\/477\/revisions\/644"}],"wp:attachment":[{"href":"https:\/\/m-arc.org\/de\/wp-json\/wp\/v2\/media?parent=477"}],"curies":[{"name":"wp","href":"https:\/\/api.w.org\/{rel}","templated":true}]}}

Über die Zeitschrift M+A

<div class="pdfprnt-buttons pdfprnt-buttons-page pdfprnt-top-right"><a href="https://m-arc.org/de/wp-json/wp/v2/pages/477?print=pdf" class="pdfprnt-button pdfprnt-button-pdf" target="_blank"><img decoding="async" src="https://m-arc.org/wp-content/plugins/pdf-print/images/pdf.png" alt="image_pdf" title="PDF anzeigen" /></a><a href="https://m-arc.org/de/wp-json/wp/v2/pages/477?print=print" class="pdfprnt-button pdfprnt-button-print" target="_blank"><img decoding="async" src="https://m-arc.org/wp-content/plugins/pdf-print/images/print.png" alt="image_print" title="Inhalt drucken" /></a></div><p><strong>Die Zeitschrift „mensch + architektur/ humanity and architecture“</strong> richtet sich an Bauherren, Architekten, Investoren, Institutionen und am Bau Interessierte, die sich für eine ganzheitliche Lebensraumgestaltung interessieren. Im Vordergrund unserer Arbeit steht die Menschlichkeit in der Architektur und ihre Wirkung in der Gesellschaft.</p>
<p>Unsere Leser finden sich vor allem in kreativen, sozialen und pädagogischen Berufen. Sie interessieren sich für partizipative Prozesse, für alternative Wege in der Architektur, für ökologische und nachhaltige Produkte, für ein gesundes Raumklima und für den Dialog.</p>
<p>Die organische Architektur sucht Antworten in dem tieferen Bewusstsein von Raumwirkung und Wechselbeziehung von Mensch, Natur und Umgebung auf den Ebenen von Körper, Geist und Seele.&nbsp;<strong>mensch + architektur</strong></p>
<p>Die Zeitschrift begann 1991 zunächst auf wenigen Seiten als Newsletter, mit Nikolaus Ruff, Stuttgart und Paul Gerhard Reeh, Stuttgart in der Redaktion und entwickelte sich immer mehr zu einer eigenständigen Zeitschrift. Ab 1995 wurde die Zeitschrift von Imme Denker, Berlin und Joachim Zimmer, Berlin weitergeführt, unterstützt von Paulgerd Jesberg. 2004 kamen Mathis Lohl und Matthias Mochner hinzu, zeitweilig auch Eckardt Wolf. 2019 übernahm Uwe Kirst die Redaktion der Zeitschrift. 2023 wird die Zeitschrift nun digital weiter fortgesetzt, unter der redaktionellen Leitung von Thomas Radünz, Norman Schinke, Luigi Fiumara und Imme Denker.</p>
<p>Die Zeitschrift entsteht in ehrenamtlicher Arbeit, deshalb freuen wir uns auf Spenden, Förderungen und Unterstützung.</p>

<p>Die Zeitschrift „mensch + architektur/ humanity and architecture“ richtet sich an Bauherren, Architekten, Investoren, Institutionen und am Bau Interessierte, die sich für eine ganzheitliche Lebensraumgestaltung interessieren. Im Vordergrund unserer Arbeit steht die Menschlichkeit in der Architektur und ihre Wirkung in der Gesellschaft. Unsere Leser finden sich vor allem in kreativen, sozialen und pädagogischen Berufen. Sie [&hellip;]</p>
