{"id":76,"date":"2022-06-21T21:34:45","date_gmt":"2022-06-21T18:34:45","guid":{"rendered":"http:\/\/m-arc.org\/?page_id=76"},"modified":"2023-02-22T19:58:00","modified_gmt":"2023-02-22T16:58:00","slug":"france","status":"publish","type":"page","link":"https:\/\/m-arc.org\/fr\/france\/","title":{"rendered":"France"},"content":{"rendered":"<div class=\"pdfprnt-buttons pdfprnt-buttons-page pdfprnt-top-right\"><a href=\"https:\/\/m-arc.org\/fr\/wp-json\/wp\/v2\/pages\/76?print=pdf\" class=\"pdfprnt-button pdfprnt-button-pdf\" target=\"_blank\"><img decoding=\"async\" src=\"https:\/\/m-arc.org\/wp-content\/plugins\/pdf-print\/images\/pdf.png\" alt=\"image_pdf\" title=\"View PDF\" \/><\/a><a href=\"https:\/\/m-arc.org\/fr\/wp-json\/wp\/v2\/pages\/76?print=print\" class=\"pdfprnt-button pdfprnt-button-print\" target=\"_blank\"><img decoding=\"async\" src=\"https:\/\/m-arc.org\/wp-content\/plugins\/pdf-print\/images\/print.png\" alt=\"image_print\" title=\"Print Content\" \/><\/a><\/div><h3>Association \u00ab\u00a0IFMA-France\u00a0\u00bb<\/h3>\n<p>IFMA-France est une association \u00e0 but non-lucratif r\u00e9gie par la loi 1901.<br \/>\nElle a \u00e9t\u00e9 fond\u00e9e en 2003 et publie une revue semestrielle depuis 2004 (publication suspendue fin 2018).<\/p>\n<p>Ses objectifs:<\/p>\n<p>le d\u00e9veloppement, la recherche, la sensibilisation et la formation dans une orientation \u00aborganique\u00bb de l\u2019architecture contribuant au d\u00e9veloppement durable;<\/p>\n<p>la cr\u00e9ation de liens au niveau national et international autour d\u2019une conception humaine et vivante des arts de l\u2019espace et de l\u2019environnement.<\/p>\n<p>L\u2019association poursuit ses objectifs en encourageant par tous les moyens possibles les approches spatiales, plastiques, architecturales et urbaines s\u2019inspirant de l\u2019Homme et de la Nature, issues des connaissances humaines, des sciences sociales et environnementales, des fondements \u00e9thiques et spirituels des diff\u00e9rentes cultures.<br \/>\nElle se r\u00e9f\u00e8re notamment aux recherches architecturales contemporaines inaugur\u00e9es et d\u00e9velopp\u00e9es de fa\u00e7on diversifi\u00e9e par William Morris, Louis Sullivan, Antonio Gaudi, Henry Van de Velde, Hector Guimard, Victor Horta, Hugo H\u00e4ring, Rudolf Steiner, Franck Lloyd Whright, Hans Scharoun, Alvar Aalto, Ton Alberts, Erik Asmussen, Hundertwasser, Reima Pieti\u00e4 et autres.<\/p>\n<p>Contact: https:\/\/www.ifma-france.org<\/p>\n","protected":false},"excerpt":{"rendered":"<p>Association \u00ab\u00a0IFMA-France\u00a0\u00bb IFMA-France est une association \u00e0 but non-lucratif r\u00e9gie par la loi 1901. Elle a \u00e9t\u00e9 fond\u00e9e en 2003 et publie une revue semestrielle depuis 2004 (publication suspendue fin 2018). Ses objectifs: le d\u00e9veloppement, la recherche, la sensibilisation et la formation dans une orientation \u00aborganique\u00bb de l\u2019architecture contribuant au d\u00e9veloppement durable; la cr\u00e9ation de [&hellip;]<\/p>\n","protected":false},"author":1,"featured_media":0,"parent":0,"menu_order":4,"comment_status":"closed","ping_status":"closed","template":"front-page.php","meta":{"footnotes":""},"class_list":["post-76","page","type-page","status-publish","hentry"],"_links":{"self":[{"href":"https:\/\/m-arc.org\/fr\/wp-json\/wp\/v2\/pages\/76","targetHints":{"allow":["GET"]}}],"collection":[{"href":"https:\/\/m-arc.org\/fr\/wp-json\/wp\/v2\/pages"}],"about":[{"href":"https:\/\/m-arc.org\/fr\/wp-json\/wp\/v2\/types\/page"}],"author":[{"embeddable":true,"href":"https:\/\/m-arc.org\/fr\/wp-json\/wp\/v2\/users\/1"}],"replies":[{"embeddable":true,"href":"https:\/\/m-arc.org\/fr\/wp-json\/wp\/v2\/comments?post=76"}],"version-history":[{"count":4,"href":"https:\/\/m-arc.org\/fr\/wp-json\/wp\/v2\/pages\/76\/revisions"}],"predecessor-version":[{"id":415,"href":"https:\/\/m-arc.org\/fr\/wp-json\/wp\/v2\/pages\/76\/revisions\/415"}],"wp:attachment":[{"href":"https:\/\/m-arc.org\/fr\/wp-json\/wp\/v2\/media?parent=76"}],"curies":[{"name":"wp","href":"https:\/\/api.w.org\/{rel}","templated":true}]}}

<div class="pdfprnt-buttons pdfprnt-buttons-page pdfprnt-top-right"><a href="https://m-arc.org/fr/wp-json/wp/v2/pages/76?print=pdf" class="pdfprnt-button pdfprnt-button-pdf" target="_blank"><img decoding="async" src="https://m-arc.org/wp-content/plugins/pdf-print/images/pdf.png" alt="image_pdf" title="View PDF" /></a><a href="https://m-arc.org/fr/wp-json/wp/v2/pages/76?print=print" class="pdfprnt-button pdfprnt-button-print" target="_blank"><img decoding="async" src="https://m-arc.org/wp-content/plugins/pdf-print/images/print.png" alt="image_print" title="Print Content" /></a></div><h3>Association « IFMA-France »</h3>
<p>IFMA-France est une association à but non-lucratif régie par la loi 1901.<br />
Elle a été fondée en 2003 et publie une revue semestrielle depuis 2004 (publication suspendue fin 2018).</p>
<p>Ses objectifs:</p>
<p>le développement, la recherche, la sensibilisation et la formation dans une orientation «organique» de l’architecture contribuant au développement durable;</p>
<p>la création de liens au niveau national et international autour d’une conception humaine et vivante des arts de l’espace et de l’environnement.</p>
<p>L’association poursuit ses objectifs en encourageant par tous les moyens possibles les approches spatiales, plastiques, architecturales et urbaines s’inspirant de l’Homme et de la Nature, issues des connaissances humaines, des sciences sociales et environnementales, des fondements éthiques et spirituels des différentes cultures.<br />
Elle se réfère notamment aux recherches architecturales contemporaines inaugurées et développées de façon diversifiée par William Morris, Louis Sullivan, Antonio Gaudi, Henry Van de Velde, Hector Guimard, Victor Horta, Hugo Häring, Rudolf Steiner, Franck Lloyd Whright, Hans Scharoun, Alvar Aalto, Ton Alberts, Erik Asmussen, Hundertwasser, Reima Pietiä et autres.</p>
<p>Contact: https://www.ifma-france.org</p>

<p>Association « IFMA-France » IFMA-France est une association à but non-lucratif régie par la loi 1901. Elle a été fondée en 2003 et publie une revue semestrielle depuis 2004 (publication suspendue fin 2018). Ses objectifs: le développement, la recherche, la sensibilisation et la formation dans une orientation «organique» de l’architecture contribuant au développement durable; la création de [&hellip;]</p>
